 -x = 20*n - 25*n. What is the remainder when 160 is divided by n?
25
Let k = -28 + 39. Suppose 36*h - 11894 = -842. What is the remainder when h is divided by k?
10
Let a(m) = m + 36. Let r be a(-16). Suppose r = 6*q - 106. Calculate the remainder when 80 is divided by q.
17
Suppose 0 = -w - 5*q + 1029, -5*w + 30*q - 25*q + 5265 = 0. What is the remainder when w is divided by 150?
149
Suppose 16*v - 52*v + 21970 = 29*v. Calculate the remainder when v is divided by 73.
46
Let v = -2805 - -2927. Calculate the remainder when v is divided by 32.
26
Suppose -13*l + 332 = 2035. Let u = -111 - l. Let w(g) = -4*g**3 + 2*g**2 + g + 1. Calculate the remainder when w(-2) is divided by u.
19
Let v(i) = i**3 - 15*i**2 - 285*i + 25. What is the remainder when 404 is divided by v(-11)?
12
Suppose 0 = -h + 3*s + 878, 3*s = -29*h + 26*h + 2646. Calculate the remainder when h is divided by 43.
21
Calculate the remainder when 156/(-260) - (-1 - 430 - 21/35) is divided by 111.
98
Let a = 619 - 447. Suppose 4*s + 0*v - 92 = -v, 92 = 4*s - 4*v. What is the remainder when a is divided by s?
11
Let s(d) = 4*d - 1. Let g(w) = 2*w - 1. Suppose n + 3 + 4 = 0. Let h(m) = n*g(m) + 3*s(m). What is the remainder when 33 is divided by h(-7)?
15
Suppose j + 125 = 5*i, 2*i + 49 = 5*j + 99. What is the remainder when 1948 is divided by i?
23
Suppose 2*m + 12*z - 52 = 15*z, 0 = -4*m - 5*z + 60. Calculate the remainder when 173 is divided by m.
13
Let y be (-533)/(-123) + 10/6. Suppose 3*q + 498 = y*q. Let a = 80 - 38. What is the remainder when q is divided by a?
40
Let u(g) = 2*g**2 + 8*g + 1. Let c = -48 + 49. Calculate the remainder when 42 is divided by u(c).
9
Let h = -9036 - -9075. Let s = -10 - -14. Suppose 3*n + 9 = -6, 484 = s*a - 4*n. What is the remainder when a is divided by h?
38
Calculate the remainder when 1*4 + (11 - 21828/(-6)) is divided by 63.
62
Suppose -96*f + 9499 + 26597 = 0. Calculate the remainder when f is divided by 108.
52
Suppose 0 = -43*i + 45*i - 418. Calculate the remainder when i is divided by 74.
61
Let x = -486 - -797. Calculate the remainder when x is divided by 39.
38
Suppose 3*m + 3*x = 15, -20 + 10 = -2*x. Suppose 1140 = -21*s + 25*s + 2*c, m = 2*s - 2*c - 576. What is the remainder when s is divided by 17?
14
Suppose -5*u + 3*t + t + 1408 = 0, -2*t - 1130 = -4*u. Calculate the remainder when u is divided by 14.
4
Let h(j) = -3*j**2 - 3*j + 4. Let p be h(-3). Let b be 14/p*0/1. Suppose 0 = 3*m - 3*z - 27, -m + 2*z + b = -8. Calculate the remainder when m is divided by 3.
1
Let v be (-1)/(1*5/(-10)). Suppose -p - v*p + 6 = 0. Let l(m) = 3*m**3 - 4*m**2 + 7*m + 1. What is the remainder when l(p) is divided by 14?
9
Suppose 4*g + 4*h - 184 = -44, 0 = g - 2*h - 50. What is the remainder when 15518 is divided by g?
38
Suppose -3*u - d = -14, -2*u + 11 = -0*u - d. Suppose 0 = -4*s + 13 - u. What is the remainder when (-9)/18*s*1 - -35 is divided by 13?
8
Suppose 4*s + 14 = 4*t + 46, 0 = -3*s - 2*t - 1. Suppose 71 = 3*z - a - 0*a, 15 = -s*a. Suppose 4*x - z = 22. What is the remainder when 30 is divided by x?
8
Suppose -8*a - 5*n + 25 = -13*a, 4*a = -4*n + 20. Suppose -3*g = 4*d - 13 - 277, a = -4*g + 8. Calculate the remainder when d is divided by 18.
17
Let y(k) = -3*k**2 + 5*k - 5. Let o be y(7). Let p = 176 + o. Suppose -81 = -s + p. What is the remainder when s is divided by 36?
32
Let u = 144 - 102. Suppose -3*l + 3*w + 15 = -12, 4*l + 2*w = u. Let a(o) = -o**3 - 12*o**2 + 9*o - 26. What is the remainder when a(-13) is divided by l?
6
Calculate the remainder when 301 is divided by (-5 - 11608/(-80)) + 11/(-110).
21
Let d(a) = -a**3 - 32*a**2 - 64*a - 101. What is the remainder when 1933 is divided by d(-30)?
14
Let m be -9*3/(-18)*2. Calculate the remainder when 18 - ((-29)/7 + m/21) is divided by 82/6 + (-2)/3.
9
Let w be (-19 - -23)*7/2. Suppose -3*l - 2*y + 11 = -w, 2*l = -5*y + 24. What is the remainder when 28 is divided by l?
0
Let h(b) = 5*b + 2. Suppose t - 4*v = 40, 4*t - v - 186 + 41 = 0. Suppose m - t = 4*n, -8 = -m + 3*n + 27. Calculate the remainder when m is divided by h(2).
8
Suppose 4*f = 5*g - 1479, g + 0*g - 296 = f. Suppose -5*n + g - 52 = 2*p, -3*p = -12. Calculate the remainder when 185 is divided by n.
44
Suppose -2*l - 3*l - 11 = -3*u, 5*l + u + 3 = 0. What is the remainder when 62 is divided by -23*(6 - 8 - l)?
16
Let s(c) = -c - 5. Let m be s(-14). Let o be 2/(4/m)*2/3. Suppose d - o*z = 27, -5*z + 19 = -2*d + 68. What is the remainder when 29 is divided by d?
5
Let t(m) = 4*m**2 - m. Suppose 6*a + 158 = 536. Calculate the remainder when a is divided by t(-2).
9
Suppose -o + 8 = w, 3*o + o - 12 = w. Suppose 2*h + o = t - 23, 2*h + 69 = 3*t. What is the remainder when -9*(-19)/6*16/12 is divided by t?
17
Let s(i) = -296*i + 5191. What is the remainder when s(15) is divided by 102?
37
Suppose -7*d - 2*y = -10893, 0 = -2*d + 5*y - 3*y + 3120. What is the remainder when d is divided by 17?
10
Suppose 119 = -35*n - 37*n + 89*n. Calculate the remainder when 9938 is divided by n.
5
Let y = -277 + 374. Suppose 0 = -91*f + y*f - 60. What is the remainder when 37 is divided by f?
7
Let h = -5516 + 5604. What is the remainder when 13990 is divided by h?
86
Let i(o) = -o - 2. Let x be i(-6). Let y(v) = -41 - 5 + 24*v + 17 - 5. What is the remainder when y(x) is divided by 9?
8
Suppose 5*v + 36967 = 11*f, 12*v + 10080 = 3*f + 10*v. What is the remainder when f is divided by 99?
95
Let h(v) = 3*v + 15. Suppose -4*y + 3*y = y. Calculate the remainder when h(y) is divided by 5.
0
Let r(m) = -6*m + 171. Suppose -b - 2*b + 102 = 0. Calculate the remainder when b is divided by r(25).
13
Let t be -14 + (7 - -5) + 734 + 0. Suppose -7*a + 458 + t = 0. Calculate the remainder when a is divided by 26.
14
Let q(s) = -s**2 - 15*s + 4. Calculate the remainder when 30/1*72/27 - 5 is divided by q(-12).
35
Suppose -4514 = -5*l + 4*j, l + 225 - 1126 = -j. Calculate the remainder when l is divided by 13.
5
Let g = -117 + 65. Let w = 85 + g. Suppose 0 = 19*i - i - 5*i - 234. What is the remainder when w is divided by i?
15
Suppose -2*c - 5*l = 305, 0 = -5*c + 3*l - 379 - 430. Let d = c - -181. Calculate the remainder when 104 is divided by d.
20
Let t(x) = 5*x**2 + 130*x + 393. What is the remainder when t(-32) is divided by 170?
163
Suppose 0 = -m + 60*n - 61*n + 5, 0 = -5*n - 40. Suppose -97 = -5*u + 3*u - 3*b, -3*b - 15 = 0. What is the remainder when u is divided by m?
4
Let j = -762 - -1222. Let n = j + -389. What is the remainder when n is divided by 38?
33
Let p(v) = 4*v**2 - 89*v - 983. Calculate the remainder when p(36) is divided by 480.
37
Let x be (368/5)/(((-198)/55)/(-9)). Suppose -7*y + 345 = x. What is the remainder when 109 is divided by y?
17
Let l(p) = 9*p + 169. Let m be l(-5). Suppose m*x = 130*x - 1356. Calculate the remainder when x is divided by 46.
42
Let u = 17 - -13. Suppose -5*d = u - 110. Suppose -19*s + d*s + 42 = 0. Calculate the remainder when 19 is divided by s.
5
Let y(n) = n**2 - 3*n - 19. Let u be (-4 - (-1 + 0)) + 9. Let k be y(u). What is the remainder when (61 - 4) + (0 - 2)*k is divided by 15?
14
Let g(h) = h**3 + 5*h**2 - 3*h - 1. Let u(c) = -8*c - 17. Let m be u(5). Let f = 52 + m. What is the remainder when 66 is divided by g(f)?
10
Let t be (-2)/6 - (9 + 579/(-9)). Suppose 3*q - t = -2*d - 17, 3*q = 4*d + 50. Calculate the remainder when 65 is divided by q.
9
Let p(q) = -62*q - 675. Calculate the remainder when 382 is divided by p(-11).
4
Let c(u) = -22*u + 5. Let t(x) = -21*x + 5. Let l(h) = -2*c(h) + 3*t(h). Let q be l(-4). Let p = q - 58. Calculate the remainder when p is divided by 5.
3
Suppose -68*y + 60 = -64*y. Suppose -c + 352 = 3*g, 0 = -6*c + 3*c - y. What is the remainder when g is divided by 44?
31
Let b be ((-15)/75 - (-14)/(-5)) + 52. Let s = 42 + b. What is the remainder when s is divided by 8?
3
Suppose 28*g - 23*g = 65. Suppose 1086*v + 294 = 1092*v. Calculate the remainder when v is divided by g.
10
What is the remainder when 211 is divided by (((-28)/(-18))/(24/36))/(-1)*-12?
15
Let v = 1939 - 1874. Calculate the remainder when 241 is divided by v.
46
What is the remainder when 3899 is divided by (-20)/(140/1001)*(-12)/22?
77
Calculate the remainder when 416/64*(6 + -4) is divided 